 d(h).
-1
Let q(h) = 7*h**3 - 5*h**2 - 2*h - 7. Let r(g) = 20*g**3 - 14*g**2 - 6*g - 21. Let d(i) = 17*q(i) - 6*r(i). Determine d(0).
7
Let b(v) be the first derivative of v**4/4 - v**3/3 + v**2/2 - 8*v + 1. Let o = -2 - -2. Suppose 4*j = -o*j - 4*d + 16, 4*d = 4*j + 16. Give b(j).
-8
Let k(v) = -v + 9. Let x(y) = -y**3 - 20*y**2 - 39*y - 43. Let l be x(-18). Determine k(l).
-2
Let g(s) = 5*s**2 + 1. Suppose d = 4*d - 207. Suppose -d*n + 70*n = 1. Calculate g(n).
6
Let g(p) = 6*p - 119. Let s be g(21). Let r(v) = -v**3 + 6*v**2 + 9*v - 7. Calculate r(s).
7
Let c(j) = -1 - j + 0*j + 0*j. Let m = 29 + -9. Suppose m = 3*b + 2*b. Calculate c(b).
-5
Let m(j) = -1 - 58*j**2 + 15*j**2 + 21*j**2. What is m(-1)?
-23
Let y(q) be the second derivative of 0 + 0*q**3 - 1/144*q**6 + 0*q**2 - 1/60*q**5 + 10*q - 1/3*q**4. Let s(h) be the third derivative of y(h). What is s(-3)?
13
Let n be -6*2/(-1)*2/(-6). Let a be 6 - (2 - (-4)/n). Let v(r) = r**3 - 6*r**2 + 4*r + 2. What is v(a)?
-3
Let l(j) = -6 + 7*j - j - 2*j. Suppose -4*i = 4*y - 36, -3*i + 218*y + 32 = 222*y. Give l(i).
10
Let p(s) = -s**3 - 5*s**2 + 2*s + 7. Let w be ((-1)/(-2))/(1/6). Let r be (-17)/w + 10/15. Determine p(r).
-3
Let k(x) = x**3 - 9*x**2 + 20*x - 13. Let j be k(6). Let z(b) = b**3 + b**2 + b - 1. Let i(u) = -3*u**2 - 2*u + 2. Let y(a) = i(a) + 2*z(a). Give y(j).
-3
Let w be 3/9 + 1/(-3). Let l(t) = 1 - t**2 + w - 48*t + 55*t. Let v = 13 - 7. Give l(v).
7
Let r(m) = -5*m**3 + 100*m**2 + m - 23. Let i be r(20). Let p(d) = -d**3 - 4*d**2 - d. Determine p(i).
-6
Let x(n) = n**3 - 2*n**2 - 1. Let c(l) = -2*l**3 - 6*l**2 - 9*l - 9. Let b(m) = -c(m) - x(m). Determine b(-7).
-4
Let g(j) = -j**2 + 1. Let o(r) = r**3 - 3*r**2 + 6*r + 1. Let b(h) = 5*g(h) + o(h). Suppose -4*a + m = -29, 26 = 4*a + 3*m + 1. Calculate b(a).
-1
Let c(r) = r**3 - 7*r**2 - 8*r - 10. Suppose -28 = -b + 4*m, -15 = -8*m + 11*m. What is c(b)?
-10
Let h(j) = -j + 1. Let z(m) = -m**2 + 2*m - 1. Let p be (-2 + 1)*(-3)/(-3). Let x(w) = p*z(w) - 4*h(w). Determine x(2).
5
Let n = 20 + -14. Suppose -3*t + n = -0. Let g(h) = -7*h**t - 3 - 5*h - 6 + 8*h**2. Determine g(7).
5
Let u = -25 - -35. Suppose y = 5*i + 8, 0 = 2*i - i + 4*y + u. Let s(q) = q**2 + 2*q + 2. Calculate s(i).
2
Let t(i) = -2*i + 2. Let p(b) = 5*b - 8. Let g be p(2). Suppose g*j = -3*j + 20. Calculate t(j).
-6
Let k(d) = -9*d**3 - 25*d**2 + 20*d + 37. Let b(n) = -5*n**3 - 13*n**2 + 11*n + 18. Let p(y) = -7*b(y) + 4*k(y). Determine p(-9).
-5
Suppose 0*w + 12 = 2*w. Let m be (-27)/w + (-6)/12. Let k(o) = o**2 + 3*o + 1. What is k(m)?
11
Suppose 4*g - 8*s + 4 = -3*s, -3*s = -g - 8. Let m(v) be the first derivative of g + 3/2*v**2 - 1/3*v**3 - 3*v. Give m(3).
-3
Let m(n) = -n - 7. Let s be -4 + (8/10)/(16/(-40)). What is m(s)?
-1
Let u(v) = v**2 - 4*v + 6. Let a = -72 + 82. Suppose 19*d - a*d = 45. What is u(d)?
11
Let c(i) = -56*i - 342. Let a be c(-6). Let j(f) be the first derivative of -f**4/4 - 7*f**3/3 - 4*f**2 + 4. Determine j(a).
12
Suppose 2*n - 4*n - 2 = 0. Let p(t) = -t - t - 15*t**2 - 4*t + 7*t. Calculate p(n).
-16
Suppose -2 = 5*q + 3*z + 1, 3*z - 6 = -2*q. Let h(o) be the third derivative of -o**5/20 - 5*o**4/24 - o**3/2 + 211*o**2. Determine h(q).
-15
Suppose -g = 2*g - 5*w - 47, 14 = 2*g + w. Let p be ((-48)/9)/(-1)*g/6. Let y(c) = -c**2 + 6*c + 7. Determine y(p).
-9
Let m be 480/22 + (-4)/(-22). Let c = -16 + m. Let d(o) be the third derivative of -o**5/60 + 5*o**4/24 + o**3/6 - 18*o**2. Calculate d(c).
-5
Let s(w) be the first derivative of w**2/2 + 5*w - 1. Suppose 2*b = -4*f + 6*f + 8, f + 5*b = 20. Let r be (-4 + f)/((-48)/(-72)). Determine s(r).
-1
Let q = -306 + 299. Let f(n) = 3*n + 9. Give f(q).
-12
Suppose 0 = z + z - 16. Let i = -35 - -36. Let w(d) = i + 0 - 7*d + d**2 + 4 - 7. Determine w(z).
6
Let g = 53 - 44. Let j(k) = -g*k - 3 + 12*k - 4*k. Determine j(-4).
1
Let r be 18 + 0/(-2) + -3. Let o = -15 + r. Suppose o*w + 3 = w. Let z(y) = -y**2 + 1. Give z(w).
-8
Let j(r) = 5*r**2 + 6*r**2 + 3*r**3 + 16 + 0*r**3 + r - 2*r**3. What is j(-11)?
5
Let c(q) be the third derivative of 5*q**2 - 1/20*q**6 + 1/6*q**3 - 1/60*q**5 + 0*q - 1/24*q**4 + 0. Give c(1).
-7
Let s(p) be the third derivative of -1/40*p**6 + 1/60*p**5 + 0*p + 0*p**3 + p**2 + 0 + 1/24*p**4. Let a be s(-1). Let w(d) = d**3 - 2*d**2 + 1. Give w(a).
10
Let p(d) = d**2 - 2*d. Let q(y) = -7*y + 22*y - 7*y - 3 - 7*y. Let s be q(6). Give p(s).
3
Let a(z) = -z**3 - z**2 - z + 3. Let j(c) = -2*c**3 - 8*c**2 - 6*c + 3. Let n(f) = -3*a(f) + j(f). Determine n(5).
-21
Let u = 3 + 0. Let j be 7*3/(-6)*-2. Let h(p) = p - j + 6*p - 3*p - 3*p. Calculate h(u).
-4
Let s(l) = -l**3 + 5*l**2 - 6*l - 4. Let r = 35 - 32. Let v be s(r). Let i(m) = m**3 + 3*m**2 - 6*m - 2. What is i(v)?
6
Let x(s) = 4*s - 2. Let l(c) = 2*c**2 + 4*c - 1. Let p be l(-3). Suppose 5*o + 5 = -p. Determine x(o).
-10
Let z be -2 + 0 + 0 + 1. Let w(f) = f**3 - 9*f**2 + 1. Let l be w(9). Let a(n) = -l - 164*n - n**2 + 164*n. What is a(z)?
-2
Let c be (2*(3 - 0))/2. Let b = -22 + 25. Let t(i) = i + 0*i - 4*i**2 - 2 + i**b + 3*i - 1. Give t(c).
0
Let l(k) = -k**3 + 7*k**2 + 7. Let y(g) = -g**3 - 35*g**2 + 2*g + 77. Let u be y(-35). Determine l(u).
7
Let r(q) = q + 3. Suppose 6*c - 11*c = 0. Let t be (c - 0)*(-3)/(-9). Calculate r(t).
3
Let d(u) = -822 - 829 - 5*u**2 + 5*u + 1655. Calculate d(4).
-56
Let b(d) = -2*d**3 + d**3 - 287 - 12*d + 0*d**3 + 302 + 12*d**2. Give b(11).
4
Let b(k) = k**3 + 8*k**2 - 7*k - 53. Let c be b(-8). Let r(t) = t**2 + t + 4. Calculate r(c).
16
Suppose -5*x - 4*a = 25, -4*x - 5 = 4*a + 19. Let r(p) = -p**2 - p. Calculate r(x).
0
Let l(b) = b - 3. Let g(k) = 2*k**2 + 4*k - 2. Suppose w + 13 - 10 = 0. Let q be g(w). What is l(q)?
1
Let d(a) be the second derivative of -a**4/12 + 2*a**3 - a**2 - 13*a - 8. Give d(10).
18
Let s(x) = -x**3 + 7*x**2 - 5*x - 8. Let b = -31 - -13. Let z be (b/(-4))/(2/4). Let l = z - 3. Calculate s(l).
-2
Let q(n) be the third derivative of -n**2 - 1/6*n**4 + 0 + 5/6*n**3 + 0*n - 1/60*n**5. Give q(-5).
0
Let d(o) be the first derivative of -o**4/4 + o**3 + 3*o**2/2 + o - 34. Give d(3).
10
Let d(r) be the third derivative of -1/6*r**3 - 1/12*r**4 + 17*r**2 + 0*r + 0. Give d(-1).
1
Let o(v) be the second derivative of -v**3/6 - 5*v**2/2 - v. Let x be (-24)/(-10) + 12/(-30). Suppose 2*l + 20 = x*s, -4*l - 3 = -3*s + 33. What is o(l)?
1
Let f(k) = -k**2 + k - 19. Let y be 5/(1*(10/(-4) + 2)). Let w be (y + 10)*((-15)/6 + 2). Determine f(w).
-19
Let v(t) = -t + 8. Suppose 0 = -7*g - 24 - 18. Let o be ((-36)/15)/(g/15). Determine v(o).
2
Suppose 2*f - 18 = 4*v, -v - 5*f + 3 + 9 = 0. Let r(z) = -59*z**3 + 3*z**2 - 4 - 37*z**3 - 2*z + 97*z**3. What is r(v)?
2
Let i(q) = -q**3 - 7*q**2 - 4*q + 4. Let x = 2230 - 2236. Calculate i(x).
-8
Let h(n) = -n**3 - 1. Suppose -21*r + 16*r + 230 = 0. Let w = -48 + r. Calculate h(w).
7
Let v(a) be the third derivative of a**6/120 - a**5/12 + a**4/8 + a**3/2 - 135*a**2. What is v(4)?
-1
Let z(x) be the third derivative of -x**4/24 + 7*x**3/6 + 243*x**2. Determine z(7).
0
Let a(c) = c - 11. Let b(x) = 4*x + 3. Let j be b(3). Suppose -11*z - 64 = -j*z. Let l = z - 10. Determine a(l).
-5
Let k(x) be the second derivative of x**5/20 + x**4/6 - x**3/2 + 3*x**2/2 + x. Let c = -21 + 15. Let h = -9 - c. Determine k(h).
3
Let o(x) = 3*x**2 + 18*x + 1. Let d be o(-6). Suppose 0 = h - 5 + d. Let k(j) = -j**3 - 2*j**2 - 2 + 6*j**2 - 1 - j. Determine k(h).
-7
Let i be 8/(-2)*(0 + -3). Suppose -13*b + 8 = -i*b. Let z(r) = 0 - 4 + r - 5. Give z(b).
-1
Let k(w) = -18*w**2 + 4*w - 26*w**2 - 4 + w**3 - 21*w**2 + 71*w**2. What is k(-5)?
1
Let y(j) be the third derivative of -j**6/10 + j**4/12 + j**3/6 + 78*j**2 + 1. Calculate y(-1).
11
Suppose 3*v + 3*q + 2*q = 10, -6 = -3*q. Let f(h) = -2*h + 9. Give f(v).
9
Let t(g) be the third derivative of -g**5/60 + g**4/6 - g**3/6 - 50*g**2 + 4. Calculate t(6).
-13
Let t(r) = -5*r**3 - r**2 - 5*r + 4*r + 4 + 2*r + 7*r. Let p(q) = -q + q**3 - q + 0*q - 1. Let j(n) = 9*p(n) + 2*t(n). Determine j(-1).
0
Suppose n + 19 = -3*z, n - 2*z - 1 = -0*n. Let p(t) = -t + 9. Give p(n).
16
Let h(f) = -134*f + 5 - 135*f - 4 + 265*f. Give h(-4).
17
Let s = 94 + -94. Let i(r) be the first derivative of -r**3/3 + r**2/2 - 6*r - 2. Calculate